g(8). Let q = 7 - s. Suppose b + 27 = 5*b + 3*w, q*w = b + 22. What are the prime factors of b?
3
Suppose -j = -5 + 3. Suppose 0*o - g - 5 = -o, 4*g = j*o - 4. Let v = 8 + o. What are the prime factors of v?
2
Let v = 103 + -43. Suppose 47 = o - v. What are the prime factors of o?
107
Let x(c) = c**2 + 31*c + 108. What are the prime factors of x(-31)?
2, 3
List the prime factors of 2*(25/(-10) + 2)*-1034.
2, 11, 47
Let v(j) = j**2 + 5*j - 6. Let i be v(1). Suppose i = -n + 48 + 59. What are the prime factors of n?
107
Suppose f - 76 - 56 = 0. What are the prime factors of f?
2, 3, 11
Let m = -12 - -7. Let f(k) = -k**3 - 6*k**2 - 6*k - 1. Let c be f(m). Suppose -5*x = c*b - 187, -6*x + 15 = -x. List the prime factors of b.
43
Let m(t) = -t**3 - 5*t - 193. Let a(p) = p**3 + 6*p + 193. Let o(l) = -3*a(l) - 4*m(l). List the prime factors of o(0).
193
Let b(v) = -v**3 - 10*v**2 - 4*v - 11. Let y be b(-10). Let z = y + -3. List the prime factors of z.
2, 13
Suppose b - 80 = -2*g + 5*b, -5*b - 121 = -3*g. Let y = g - 28. What are the prime factors of y?
2, 7
Let i(v) = v**3 + 28*v**2 + 37*v + 45. What are the prime factors of i(-25)?
5, 199
Let g(p) = p**3 - 5*p**2 - p + 7. Let q = -4 + 10. List the prime factors of g(q).
37
Let t = -10 + 7. Let k be (33/t)/(-2 + 1). Suppose 8*l + 48 = k*l. List the prime factors of l.
2
Suppose -5*k + 5*d + 10 = 0, 4*k + 7 = -5*d - 3. Suppose -2*f + 1 = -3, k = -4*h + 4*f + 16. Let l = h - -12. What are the prime factors of l?
2, 3
Let q = -21 + 23. Suppose 4*p - 348 = -q*p. List the prime factors of p.
2, 29
Suppose 3*f = -r - 164 + 799, 4*r = -4*f + 2524. List the prime factors of r.
17, 37
Let s = -81 - -430. Let w = s - 229. List the prime factors of w.
2, 3, 5
Suppose 16*b = -3*v + 15*b + 4626, -4*v + 6178 = -2*b. What are the prime factors of v?
1543
Let p(y) = 14*y**2 - 32*y - 32. Let r(l) = 5*l**2 - 11*l - 11. Let a(w) = -4*p(w) + 11*r(w). Suppose 15*u = 96 - 6. List the prime factors of a(u).
13
Let u(b) = b - 9. Let o(m) = 5*m - 35. Let l(q) = -6*o(q) + 25*u(q). List the prime factors of l(-8).
5
Suppose -2*a - 3*o - 5 = 0, -3*a - 2*a = 4*o - 5. Suppose -7*s + 3*s = -4*r + 56, -a*s + 100 = 5*r. What are the prime factors of r?
17
List the prime factors of -434*(-4)/(-8)*-1.
7, 31
Let y = -48 + 68. Let u be ((-2)/5)/(y/(-900)). Suppose 3*p - u = 2*p. List the prime factors of p.
2, 3
Suppose 0*z - z + 5*h + 22 = 0, 5*z - 3*h - 88 = 0. Let d(b) = -b**2 + 19*b - 23. What are the prime factors of d(z)?
11
Suppose 0 = -0*i - 3*i + f - 2, -8 = -4*f. Suppose i*r - r = -4. Suppose -3*m + t + 57 = 0, 3*m = -m - r*t + 92. What are the prime factors of m?
2, 5
Let c(j) = j**2 - 7*j - 3. Let h be c(8). Suppose h*w - w - 32 = 0. Let p = w + 14. List the prime factors of p.
2, 11
Suppose 3*x + t - 1840 - 871 = 0, -3*x - 2*t + 2713 = 0. List the prime factors of x.
3, 7, 43
Suppose k = -b + 2450, 3*b = -20*k + 25*k - 12274. List the prime factors of k.
11, 223
Let x be 6*3/6 + -2. Suppose -4 = -2*r + 4*r. What are the prime factors of ((-8)/r - x) + 11?
2, 7
What are the prime factors of 12/48 - (1619/(-4) - 1)?
2, 7, 29
Let k(o) = 23*o + 6. Let y(q) = -47*q - 14. Let x(n) = -5*k(n) - 2*y(n). What are the prime factors of x(-9)?
11, 17
Suppose 0 = -4*g - w - 123, 0*w = -2*w + 10. Let u be (-15)/(-4)*g/(-12). Let r = u - 0. List the prime factors of r.
2, 5
Let u = 23 - 25. List the prime factors of u - (1 - (-36)/(-2)).
3, 5
Let i be 6/33 - (-106)/22. Suppose -i*w + 2 = -8. Suppose -w*z - 16 = -3*z. List the prime factors of z.
2
Suppose k - 2*g - 1421 = 0, 9*k - 3*g = 13*k - 5651. List the prime factors of k.
5, 283
Let j = 189 + -26. List the prime factors of j.
163
Suppose -3*t + 6*t - 18 = 0. Let c = 184 - 182. List the prime factors of ((-75)/t)/((-1)/c).
5
Let y(o) = -51*o - 26. Let i be y(-16). Suppose 0*l = 10*l - i. What are the prime factors of l?
79
Let o = -66 - -65. What are the prime factors of 5 - 7 - -7 - o/1?
2, 3
Let j(w) be the third derivative of -w**4/4 + 4*w**3/3 + 7*w**2. Let s(f) = 18*f - 23. Let r(u) = -7*j(u) - 2*s(u). What are the prime factors of r(10)?
2, 5
Let z be (-100)/14 + (-1)/(-7). Let a(h) = h**3 + 7*h**2 - h - 2. Let i be a(z). Suppose 0 = i*k - 80 - 225. List the prime factors of k.
61
Suppose -994 = 24*q - 11242. List the prime factors of q.
7, 61
Suppose 3*z + 3*s = 42, 2*z + 4 - 25 = 5*s. Suppose -2*x + 3*y = -2, x - z = -5*y + 1. What are the prime factors of x?
2
Suppose -32*o + 28*o - 24 = 0. List the prime factors of 4 + (-632)/(-12) - 2/o.
3, 19
Let k(v) = -4*v - 3. Suppose 0 = x + 1. Let r be ((-30)/9)/(x/(-3)). What are the prime factors of k(r)?
37
Let y = -405 - -2853. List the prime factors of y.
2, 3, 17
Suppose -582*u = -610*u + 13132. List the prime factors of u.
7, 67
Suppose 40*w = 41*w - 15. Let b(j) = -15*j + j**2 + w*j + 5. List the prime factors of b(7).
2, 3
Let q(j) = j + 19. Let r be q(-9). List the prime factors of (r/(-3))/((-1)/15).
2, 5
Suppose -v - 1769 - 596 = -5*h, 5*h - 3*v = 2355. What are the prime factors of h?
2, 3, 79
Let n(f) = -f**2 - 13*f + 4. Let t be n(-13). Suppose 4*w + 14 = -t*g + 34, 0 = -4*w + 8. List the prime factors of (6/(-2))/(g/(-14)).
2, 7
Let w(f) = 7*f**2 - 39*f - 23. What are the prime factors of w(12)?
11, 47
Let o be (-2 + 1)/5 + (-549)/5. Let d = o - -193. List the prime factors of d.
83
Let s be 6/(-21) + (-552)/(-21). Let c = -28 + s. List the prime factors of 33 - (4 - 1) - c.
2
Let x be -3*((-2)/(-3))/((-8)/12). Suppose 0 = -0*r + x*r + 2*j - 5, -3*j - 3 = r. What are the prime factors of r?
3
Let j = 11305 + -5582. List the prime factors of j.
59, 97
Suppose r - 3*t + 2008 = 6*r, 0 = -4*r + 2*t + 1602. List the prime factors of r.
401
Let k(o) = -6 + 6 + o**3 - 2*o**3 - o + 2*o**2. Let z be k(3). Let y = z + 17. What are the prime factors of y?
5
Let w = 28 + -20. What are the prime factors of (4/w)/((-3)/(-282))?
47
Let b(a) = -202*a - 12. Let v be b(-2). Suppose 1307 - v = 5*p. What are the prime factors of p?
3, 61
Let x(l) = 340*l**2 + 2*l + 3. Let p be x(-1). Suppose 3*u - 1229 + p = 0. List the prime factors of u.
2, 37
Let z(i) = -i**2 + i + 52. Let q = -40 + 40. What are the prime factors of z(q)?
2, 13
Suppose 2*u - 6 = -2*j, 5*u + 3*j + 3 - 16 = 0. Suppose -u*v = 9*w - 4*w - 420, 5*w + v = 425. What are the prime factors of w?
2, 43
Suppose t + 31 = 5*t - 5*h, h = -3. Let i be -1 + (-3)/((-6)/t). Suppose 2*p - 5*q + i = -3, 4*p - 16 = -2*q. List the prime factors of p.
3
Suppose 0 = -8*u - 2*u + 15000. List the prime factors of u.
2, 3, 5
Let l(q) = -q + 5. Let h be l(4). Let f(z) = z + 15. Let j be f(-11). Suppose -h = -j*b + 79. List the prime factors of b.
2, 5
Let d = -31 + 50. Suppose -4*t = n + 32, -3 - 5 = 4*t - 5*n. Let j = d + t. What are the prime factors of j?
2, 3
Suppose 5*h - 3*h - 212 = 0. Let x be 1*(-3)/((-6)/h). List the prime factors of 30/(-20) + x/2.
5
Let b be -3 + (5 - 1) + -3. Let j(m) = 11*m**2 + 5*m + 3. What are the prime factors of j(b)?
37
Let t = -242 - -169. Let v = -36 - t. What are the prime factors of v?
37
Let p = -31 - -34. Suppose p*n - n = 4. Suppose -2*f = 8, 0*f + n*f = 4*t - 212. What are the prime factors of t?
3, 17
Suppose h = -n + 75, 0*h + 4*h - 4*n = 292. Let u = -411 + 376. Let p = u + h. What are the prime factors of p?
3, 13
Let d = 3817 + -2161. What are the prime factors of d?
2, 3, 23
Let x(q) = -q**3 - 7*q**2 - 3*q + 1. Let w be x(-7). Let z = w + -19. Suppose 0 = -z*o - 42 + 147. What are the prime factors of o?
5, 7
Suppose 907*w = 923*w - 26672. List the prime factors of w.
1667
Let g = -1 + 10. Suppose -3*l = -0*l - g. Suppose -5*w - 4*c = -34, 0 = l*w - 0*w - 2*c - 16. List the prime factors of w.
2, 3
Let b = 205 + -177. List the prime factors of b.
2, 7
Suppose 5*v - 1005 = -2*l, 3*v + 0*v + 9 = 0. What are the prime factors of (l/1)/3 + 3?
173
Let g(s) = 79*s**3 + 2*s**2 - s - 1. Let t be g(1). Let y = t - 33. What are the prime factors of y?
2, 23
Suppose -5*p + 2*p = -69. Suppose -113 = -h - p. What are the prime factors of h?
2, 3, 5
Let j(i) be the third derivative of -29*i**6/20 - i**5/30 + i**4/12 + i**3/2 - 2*i**2. What are the prime factors of j(-1)?
173
Suppose 33*k = 28*k - 40. List the prime factors of ((-4)/k)/((-8)/(-1616)).
101
